47?
1
What is the ten thousands digit of 273824086?
2
What is the units digit of 49297409?
9
What is the ten millions digit of 1984954181?
8
What is the thousands digit of 201230171?
0
What is the hundreds digit of 1545244706?
7
What is the ten thousands digit of 2692220785?
2
What is the tens digit of 4271842292?
9
What is the tens digit of 10530705?
0
What is the hundred thousands digit of 92636719?
6
What is the thousands digit of 121470140?
0
What is the ten thousands digit of 9481189?
8
What is the hundred thousands digit of 281704887?
7
What is the millions digit of 2523211029?
3
What is the millions digit of 3303126?
3
What is the hundred thousands digit of 600429380?
4
What is the tens digit of 22278590?
9
What is the ten thousands digit of 92573156?
7
What is the millions digit of 45907399?
5
What is the hundreds digit of 624013075?
0
What is the ten thousands digit of 21801899?
0
What is the hundred millions digit of 105165633?
1
What is the units digit of 268826402?
2
What is the hundreds digit of 53475058?
0
What is the units digit of 244076593?
3
What is the units digit of 151708296?
6
What is the millions digit of 596660092?
6
What is the units digit of 1035986?
6
What is the tens digit of 900245438?
3
What is the hundred millions digit of 329161369?
3
What is the hundred millions digit of 1251836786?
2
What is the hundreds digit of 544084175?
1
What is the units digit of 253660141?
1
What is the thousands digit of 517678353?
8
What is the hundred thousands digit of 1354486541?
4
What is the units digit of 4098402118?
8
What is the hundred thousands digit of 97377312?
3
What is the ten thousands digit of 415373224?
7
What is the ten millions digit of 373615567?
7
What is the billions digit of 3202511237?
3
What is the millions digit of 165932426?
5
What is the hundred thousands digit of 945172980?
1
What is the tens digit of 1537674341?
4
What is the tens digit of 85981323?
2
What is the tens digit of 616819900?
0
What is the ten thousands digit of 187481013?
8
What is the ten thousands digit of 310968020?
6
What is the hundreds digit of 3193776490?
4
What is the hundred thousands digit of 36105601?
1
What is the ten millions digit of 50805024?
5
What is the units digit of 1637542632?
2
What is the tens digit of 6325240?
4
What is the ten thousands digit of 74161502?
6
What is the hundred millions digit of 2844873459?
8
What is the millions digit of 109169222?
9
What is the ten millions digit of 52021149?
5
What is the units digit of 188520329?
9
What is the ten millions digit of 414723534?
1
What is the ten thousands digit of 98376028?
7
What is the hundred thousands digit of 7055130286?
1
What is the units digit of 116131071?
1
What is the hundreds digit of 11853356?
3
What is the ten millions digit of 43992060?
4
What is the millions digit of 273701420?
3
What is the hundred thousands digit of 2126694017?
6
What is the hundreds digit of 46519470?
4
What is the ten thousands digit of 30183682?
8
What is the ten millions digit of 56174292?
5
What is the ten thousands digit of 90025355?
2
What is the thousands digit of 2260803423?
3
What is the tens digit of 1537421772?
7
What is the ten millions digit of 4688196719?
8
What is the hundreds digit of 1100484529?
5
What is the hundred millions digit of 358657009?
3
What is the hundreds digit of 36094446?
4
What is the millions digit of 99193321?
9
What is the ten millions digit of 76600322?
7
What is the hundreds digit of 55607910?
9
What is the millions digit of 93871428?
3
What is the millions digit of 329217884?
9
What is the millions digit of 4274254606?
4
What is the units digit of 116387829?
9
What is the hundreds digit of 151413137?
1
What is the hundred thousands digit of 4046304466?
3
What is the units digit of 118269059?
9
What is the ten millions digit of 48059346?
4
What is the units digit of 759082173?
3
What is the hundred thousands digit of 1922633401?
6
What is the hundreds digit of 2705935193?
1
What is the ten millions digit of 2741783836?
4
What is the thousands digit of 274117421?
7
What is the hundred thousands digit of 2950020096?
0
What is the ten thousands digit of 18232558?
3
What is the hundred thousands digit of 902539929?
5
What is the units digit of 4132351291?
1
What is the hundreds digit of 178477264?
2
What is the tens digit of 1607273?
7
What is the tens digit of 79561578?
7
What is the hundreds digit of 96516121?
1
What is the hundred thousands digit of 6154193077?
1
What is the ten thousands digit of 6395426080?
2
What is the thousands digit of 44991308?
1
What is the hundreds digit of 250145846?
8
What is the thousands digit of 2090714484?
4
What is the ten thousands digit of 193006292?
0
What is the hundreds digit of 475310634?
6
What is the hundred millions digit of 134188909?
1
What is the tens digit of 117745735?
3
What is the millions digit of 44387841?
4
What is the tens digit of 391769473?
7
What is the tens digit of 68094986?
8
What is the hundred millions digit of 106151989?
1
What is the thousands digit of 135284946?
4
What is the millions digit of 1263663842?
3
What is the hundred thousands digit of 24790313?
7
What is the millions digit of 124775193?
4
What is the ten thousands digit of 563080318?
8
What is the units digit of 770267910?
0
What is the tens digit of 347650725?
2
What is the thousands digit of 33524051?
4
What is the billions digit of 1453774298?
1
What is the hundred millions digit of 265165392?
2
What is the hundred thousands digit of 43605581?
6
What is the hundred millions digit of 706966962?
7
What is the hundred millions digit of 507397668?
5
What is the hundred millions digit of 241355088?
2
What is the ten millions digit of 751715263?
5
What is the tens digit of 33622717?
1
What is the units digit of 1671329459?
9
What is the hundreds digit of 53460143?
1
What is the millions digit of 128551275?
8
What is the thousands digit of 16384868?
4
What is the millions digit of 123120527?
3
What is the hundred thousands digit of 404673130?
6
What is the ten thousands digit of 647361311?
6
What is the tens digit of 2969676549?
4
What is the ten millions digit of 1262877441?
6
What is the thousands digit of 363019886?
9
What is the hundred millions digit of 294606468?
2
What is the thousands digit of 6369054?
9
What is the units digit of 2627370?
0
What is the millions digit of 1303093846?
3
What is the hundred thousands digit of 178800726?
8
What is the ten millions digit of 64092625?
6
What is the hundreds digit of 31071979?
9
What is the thousands digit of 1363881840?
1
What is the ten thousands digit of 127105915?
0
What is the ten millions digit of 1151626567?
5
What is the hundred thousands digit of 2556988860?
9
What is the millions digit of 1107401145?
7
What is the billions digit of 3823297666?
3
What is the ten thousands digit of 677892727?
9
What is the ten millions digit of 91417747?
9
What is the units digit of 49467264?
4
What is the ten thousands digit of 244615135?
1
What is the billions digit of 3763914208?
3
What is the hundreds digit of 780307924?
9
What is the hundreds digit of 257063247?
2
What is the ten thousands digit of 166220309?
2
What is the hundred thousands digit of 68781058?
7
What is the hundreds digit of 1161000335?
3
What is the hundreds digit of 132989738?
7
What is the millions digit of 2749425686?
9
What is the hundred thousands digit of 22490069?
4
What is the hundred thousands digit of 369882641?
8
What is the thousands digit of 452506052?
6
What is the hundred thousands digit of 476943929?
9
What is the hundred thousands digit of 33817552?
8
What is the hundreds digit of 47538208?
2
What is the tens digit of 4510733800?
0
What is the ten millions digit of 1143892066?
4
What is the tens digit of 7785532?
3
What is the hundred thousands digit of 134686819?
6
What is the thousands digit of 29166667?
6
What is the ten thousands digit of 1870519800?
1
What is the hundred millions digit of 1361837356?
3
What is the tens digit of 65839064?
6
What is the ten thousands digit of 191310843?
1
What is the ten thousands digit of 5317341?
1
What is the hundred millions digit of 7078352705?
0
What is the ten thousands digit of 289278404?
7
What is the hundred thousands digit of 15933268?
9
What 